 -k**2 + 32*k - 72. What is the tens digit of r(25)?
0
Let n(x) = -5*x**2 - 3*x**3 + 2*x**3 - x + 0*x + 2 - x. Let v be n(-5). Let o = v - -1. What is the tens digit of o?
1
Let d(z) = -2*z**2 - z + 21. Let v(o) = -2*o**2 - 2. Let g be v(-3). Let r = 20 + g. What is the units digit of d(r)?
1
Let m = -4 + 10. Let w(t) = 5*t**3 - 5*t**2 + 2*t + 8. Let g be w(m). What is the tens digit of g/(-30)*6/(-4)?
4
Let b(u) = 32*u - 1. Suppose h - 24 = -7*h. What is the tens digit of b(h)?
9
Let m = -1536 + 2155. What is the hundreds digit of m?
6
Let r(m) = m + 1. Let k(y) be the second derivative of 5*y**3/6 + 3*y**2 + 7*y. Let a(w) = -k(w) - r(w). What is the units digit of a(-6)?
9
Suppose 0 = f + 34 + 1. Suppose -3*g + 183 = -3*c, 3*g + 0*g - 188 = 4*c. Let q = f + g. What is the tens digit of q?
2
Let w = 4 + -2. Suppose 0*r + r = -66. What is the tens digit of w/(-5 + -1)*r?
2
Let u be 21/(-6)*8/(-14). Suppose -56 = -2*o - u*l, 3*o - 79 = -0*l + 2*l. Suppose 3*i - 12 = o. What is the units digit of i?
3
Let t(r) = r**2 + 6*r - 2. Let u be t(-8). Let w = u - 9. Suppose -w*q = 10, 35 = -3*p + q + 88. What is the tens digit of p?
1
Let u = 2606 + -276. What is the tens digit of u?
3
Let d = 351 - 138. Suppose 0 = 2*x - 9 - d. What is the tens digit of x?
1
Let j(y) = -3*y**3. Let b be j(-1). Suppose 0 = -2*n + r + 58, -b*n + 5*r = -125 + 24. What is the tens digit of n?
2
Suppose 0 = -5*o + 2*o + 21. Suppose 2*n - 1 = -2*m + o, m - n = -4. Suppose -4*x + 3 + 45 = m. What is the units digit of x?
2
Let q(n) be the third derivative of -n**6/120 + n**5/4 - n**4/6 + 2*n**3 + 2*n**2. Let o be q(15). Let r = 84 + o. What is the tens digit of r?
3
Suppose -2*m + 2*t = t + 76, -2*m - 5*t - 64 = 0. Let a = 101 + m. Suppose -4*d + 28 + a = 0. What is the units digit of d?
3
Let u = 6 - 7. What is the units digit of -4 + 4 + 0/u + 123?
3
Let u = 4568 - 2559. What is the units digit of u?
9
Suppose 3*l + 3*p - 4 - 8 = 0, -47 = -5*l + 4*p. Suppose l*f - 307 - 85 = 0. What is the units digit of f?
6
Let q = 87 - 89. Let w(l) = l**2 - 10*l - 19. What is the units digit of w(q)?
5
Let z(y) = -8*y**3 + y**2 + 9*y - 28. What is the hundreds digit of z(-7)?
7
Suppose 11*v = 13*v - 3536. What is the units digit of v?
8
Let r(x) = -3*x + 2*x - x**2 + 2*x**2 + 9*x - 12. Let u be r(-10). What is the units digit of 18/(-3)*u/(-6)?
8
Let c = -31 + 26. Let f(x) = 7*x**3 + 12*x**2 + 5*x + 1. Let o(s) = 10*s**3 + 18*s**2 + 7*s + 1. Let t(r) = -7*f(r) + 5*o(r). What is the tens digit of t(c)?
2
Let p be 8/((-80)/75)*-50. Let g = -238 + p. What is the units digit of g?
7
Let o(n) = 10*n**2 - 4*n + 19. What is the hundreds digit of o(5)?
2
Let a(p) = 9*p**2 + p - 10. Suppose -2*k = 5*h - 34, -5*h + 2*k = -3*h - 8. What is the tens digit of a(h)?
2
Let n(w) = w**2 + w - 2. Let a be n(-3). Let k be (6/8)/(a/(-80)). What is the units digit of (50/k)/((-2)/21)?
5
Let g = -107 + 239. What is the hundreds digit of g?
1
Let z be (-2)/12 + (-30066)/(-36). Let o = -596 + z. What is the hundreds digit of o?
2
Let r be (-3000)/(-18)*(-6)/(-5). Suppose -r = -9*c + 5*c. What is the units digit of c?
0
Let f = 21 + -17. Let p(x) = -4*x + 9 - 3*x + 2*x + f*x. What is the units digit of p(0)?
9
Let l = 74 - 201. Let t = l - -238. What is the hundreds digit of t?
1
Let h(i) = 79*i - 175. What is the units digit of h(9)?
6
Let j be ((-1)/(-2))/((-5)/(-260)). Let n be (j - 1) + 16 + -17. Suppose 5 = a + 2*k, -4*a + 5*k + 22 = -n. What is the units digit of a?
9
Let d = 7176 - 4080. What is the hundreds digit of d?
0
Let b(q) = -q. Let f(m) = -11*m**2 + 13*m + 5. Let l(o) = -2*b(o) - f(o). What is the hundreds digit of l(5)?
2
Suppose 4*j + 396 = 2*j - 5*a, 0 = -a + 2. Let f = -108 - j. What is the units digit of f?
5
Let i(c) = -5*c**2 - 6*c**2 + 10*c + 2*c**2 - 2 + 10*c**2. Let t be i(-10). What is the tens digit of (-232)/(-8) + t*1?
2
What is the tens digit of 5624 - (-5 - 0)*32/(-40)?
2
Suppose -4*c + 6 = -2*a + 18, 2*a = -4*c + 4. Let f be -2 + 3 + 60/a. Let v = 37 - f. What is the units digit of v?
1
Let c(i) = i**3 - i + 4. Suppose 2*z - 5*t = 20, -21 = -4*z + 5*t - 1. Let n = z - -3. What is the units digit of c(n)?
8
Let y be 2/(8/180) - -2. Suppose -x - m = 4*m - y, 3*x = -4*m + 97. Suppose -z + 0 = -x. What is the units digit of z?
7
Let f(y) = -23*y + 6. Let l(z) = -8*z + 2. Let v(k) = 2*f(k) - 7*l(k). What is the units digit of v(3)?
8
Suppose -5*l - 2*o - o + 8255 = 0, 4*o = -4*l + 6612. What is the thousands digit of l?
1
Let c = 86 - -194. Suppose 0 = -m - 4*m + c. What is the tens digit of m?
5
Let w = 57 + -54. Suppose -b = w*r + 3*b - 267, b = 2*r - 189. What is the tens digit of r?
9
Suppose -15*q + 17*q - 6 = 0. Let t(j) = 8*j**3 + 4*j**2 - 2*j + 4. What is the tens digit of t(q)?
5
Let r = 49 + -50. Let b(h) = 0 - 43*h + 1 + 0. What is the units digit of b(r)?
4
Let v(u) = -13*u**2 + u - 1. Let y be v(-1). What is the tens digit of (y/(-9))/((-2)/(-96))?
8
Suppose 3*u = 4*l + 7, 5*l - l = -u + 13. Let d be 0 + (30/u - 3). Suppose -2*s - 76 = -p, 5*s + 82 + 141 = d*p. What is the tens digit of p?
6
Let u(g) = -4 + 3*g + 15*g**2 - 5 + 5. Suppose -8*y - 2 + 18 = 0. What is the units digit of u(y)?
2
Suppose 2*x + 3*u = -14, -2*x = -2*u - u - 10. Let r(t) = -3*t. Let i be r(x). Suppose 2*q = -i*q + 2*f + 191, 0 = -5*q + f + 193. What is the tens digit of q?
3
Suppose 3376 = 4*j - 4*r, 0 = -j - 5*r + 283 + 591. What is the tens digit of j?
4
Let a be (8 - 1)/((-1)/28*4). Let v = a - -115. What is the tens digit of v?
6
What is the thousands digit of 4660/(-12)*42/(-10)?
1
Let u be 0 + 39 + (-2 - -1). Let v be 4/(-4 - (-27)/6). Suppose -s + v = -u. What is the units digit of s?
6
Let b = -36 - -44. Suppose r = b*r - 1127. What is the tens digit of r?
6
Let y be 81/21 + 1/7. Suppose 2*b = -w - 3*w + 14, -y*b + 12 = 4*w. What is the units digit of w?
4
Suppose s + 72 = -3*s. Let y = s + 12. Let i(q) = -q**3 - 7*q**2 - 13*q + 1. What is the tens digit of i(y)?
4
Let m be 0/((-4)/(4/(-2))). Let g = m - -6. Suppose 278 = g*j + 104. What is the units digit of j?
9
Let k be 2/5*(-1 - -91). Suppose 3*c - k = 156. What is the tens digit of c?
6
Let j(s) = -s**3 + 5. Let m be j(0). Suppose q - 5 = n + 4*n, -m*q - 4*n - 4 = 0. Suppose 5*u + u - 240 = q. What is the units digit of u?
0
Let n = 433 - -26. What is the hundreds digit of n?
4
Let o(v) be the second derivative of -v**5/20 + 3*v**4/4 + 3*v**2/2 + 7*v. Let b be o(9). Suppose b = z + 2. What is the units digit of z?
1
What is the units digit of -6*(-2)/(-42) + 2921/7?
7
Suppose 8*y = 41 + 167. Let d = 47 - y. What is the tens digit of d?
2
Suppose -5*c + 3*u + 1251 + 5119 = 0, 5*c + 3*u = 6340. What is the tens digit of c?
7
Let k = 68 - 66. Suppose k*y - 214 - 178 = 0. What is the tens digit of y?
9
Suppose 6*m - 4510 = -520. What is the tens digit of m?
6
Let p be (-189)/(-14) + (-2)/4. Let o = -18 + p. What is the tens digit of (-78)/o*(-55)/(-22)?
3
Let m(d) = 2*d**2 + 14*d + 7. Let h(b) = -9*b**2 + b. Let a be h(-1). What is the units digit of m(a)?
7
Suppose 2*o = -2*o + 12. Let d(g) = -g + 1. Let m be d(o). What is the units digit of m/(-7) - (-725)/35?
1
What is the hundreds digit of (-20)/(-25) + (-50128)/(-40)?
2
Suppose 4*v = -2*f + 641 + 475, -546 = -2*v + 2*f. What is the hundreds digit of v?
2
Let o(w) = w - 9. Let m be o(6). Let f be (m/6)/(4/(-80)). Let h = f - -14. What is the units digit of h?
4
Let v(r) = r**2 + 2*r + 1. Suppose -1 = -g + 4*h - 8, g = -4*h + 25. What is the tens digit of v(g)?
0
Let s = -1 + -9. Suppose 0 = 3*p - 118 + 28. Let g = p + s. What is the tens digit of g?
2
Let a(f) be the second derivative of f**4/6 + 2*f**3/3 - 21*f**2/2 - 19*f. What is the tens digit of a(-8)?
7
Suppose -s + 3*h + 0*h = 543, 5*h - 537 = s. Let a = s + 868. What is the units digit of a?
6
What is the tens digit of 20902/(-7)*(-9)/18?
9
Let i(f) = f**3 + f**2 - 24. Let u be i(0). Let c be (-30)/(-12)*u/(-10). What is the tens digit of 45/c*(-16)/(-5)?
2
What is the tens digit of 3/(9/(-6)) + 3210/3?
6
What is the tens digit of -9 + (-2980)/(-50) + 4/10?
5
Suppose 0*c - 5*c - 5 = 5*d, -2 = -4*c + 2*d. Suppose g - 6*g - 30 = c. What is the tens digit of (2/4)/(g/(-384))?
3
Suppose 3*y - 151 = 332. Let s = 26 + y. What i